- 17*k + 24*k - 5. Give b(4).
-10
Let s = -6 + 10. Suppose 3*k - 2*m = -5 + 3, 2*k = 2*m - 4. Let w(p) = -1 + 0*p**2 + 5*p**2 - p**2 - 5*p - 3*p**k. Give w(s).
-5
Let o(x) = 7*x**3 - x**2 - 8*x**2 + 14*x + 4 + 0*x**3 - 8*x**3. Calculate o(-10).
-36
Let x(i) = -8 + 4 + 5*i + 5 + i**2 - 7*i - 6*i. Give x(8).
1
Suppose 0 = -u - 3*u + 8. Let p be 3/((u/(-5))/((-8)/30)). Let c(q) = q**3 - q**2 + q. Give c(p).
6
Let k(g) be the second derivative of 0 + g**3 + 24*g - 1/12*g**4 - g**2. Determine k(6).
-2
Suppose 3*r = t + 282, -4*t - 13 = -1. Suppose r*j = 89*j - 4. Let v(y) = 10*y**2 - y - 1. What is v(j)?
10
Let d(i) = 2*i**2 + 20*i - 11. Let s(g) = 2*g**2 + 11*g - 6. Let o(a) = -6*d(a) + 11*s(a). Suppose -2*y + w - 3 = 0, 2*y + 10 = -3*y + 3*w. Calculate o(y).
11
Let u(k) = k**2 - 4. Let q = 14 + -45. Let b = 34 + q. Give u(b).
5
Let z(c) = -24*c**2 + 28*c**2 + c**3 + 1 + 4*c - 9*c**2. Calculate z(3).
-5
Let d(y) = 3*y - 6*y + 2*y. Let u(s) = 17 - 2*s - 1 - 9 - 9 + 6*s. Let p(z) = 6*d(z) + u(z). Determine p(-3).
4
Let u(g) = 5*g + 1. Suppose -2*z - 5*n - 27 = 0, 2*z - 22 = 4*z + 4*n. Give u(z).
-4
Suppose -70 = -1426*b + 1419*b. Let h(y) = -y**2 + 13*y - 32. Calculate h(b).
-2
Let j(p) = 3*p + 7. Let c(w) = w**2 - 9*w - 12. Let m be c(10). Let z be (m + 4)*(-20)/8. Give j(z).
-8
Let l = -54 - -42. Let t = l - -19. Let g(n) = n**2 - 5*n - 7. Calculate g(t).
7
Let u(x) = 104*x - 105*x + 5 - 5. Determine u(4).
-4
Let q(t) be the third derivative of -t**6/120 + t**5/15 - t**4/12 + t**3/2 + 394*t**2. Determine q(2).
7
Suppose -3*a - k = -16 + 1, a = k + 5. Let r(s) be the third derivative of s**4/8 - s**3/6 - 25*s**2. Determine r(a).
14
Let f(o) = -3*o - 7. Let t(a) = 3*a + 7. Let c(p) = 4*f(p) + 5*t(p). Let k be c(-7). Let l = 20 + k. Let d(z) = 3*z - 9. Determine d(l).
9
Let m(r) be the second derivative of r + 2*r**2 + 1/2*r**4 + 5/6*r**3 - 12 + 1/20*r**5. Determine m(-4).
16
Suppose -3*f - 2*m = 88 - 54, 3*f - 2*m + 14 = 0. Let u(c) = -c**2 - 7*c + 3. What is u(f)?
-5
Let p = -55 + 59. Suppose p*h + 9 = h + 5*g, 12 = -3*h + 4*g. Let z(x) = -x - 5. Calculate z(h).
3
Suppose -24 = -3*r - 3*s + s, -2*r = 5*s - 5. Let g(o) = 4*o - 2 + o + 5*o - o**2. Calculate g(r).
-2
Let m(p) = 4*p**2 + 6*p - 294*p**3 + 4 + 588*p**3 + p**2 - 293*p**3. Give m(-4).
-4
Let d(z) = z**3 - z**3 + 9*z**2 + z**3 - 6. Let t(b) = b**3 + 8*b**2 + 23*b + 19. Let l be t(-4). Calculate d(l).
-6
Let b(g) be the second derivative of g**7/420 + g**6/180 - g**4/24 + 3*g**3/2 - 30*g. Let r(j) be the second derivative of b(j). What is r(1)?
3
Let b be 22 + -33 - 5*-1. Let h(w) = -13 + w + 5 + 5. Calculate h(b).
-9
Let z be (-3)/((-7)/(105/9)). Let d(b) = -5*b + z*b - b + b**2 + 7. What is d(0)?
7
Let p(d) = 5*d + 9. Let s(y) = 14*y + 26. Let a(l) = -8*p(l) + 3*s(l). Calculate a(-4).
-2
Suppose 18 = 5*w + 4*u, -2*u + 7*u - 4 = 3*w. Let g(s) = -2*s - 6. Let y(a) = 5*a + 13. Let c(q) = 7*g(q) + 3*y(q). Give c(w).
-1
Let w(l) = l**2 - 16*l + 20. Let m be w(15). Let t(k) = 0 - k**2 - m*k + 2 + 2*k**2 + 14*k. Let h be t(-8). Let p(i) = -i**2 - 5*i + 3. What is p(h)?
-3
Let t(q) = 6*q**3 - 5*q**2 - 6. Let u(z) = 2 + 0*z**3 + z**3 - z**2 - 3 + 0*z**2. Let y(s) = t(s) - 5*u(s). Determine y(-1).
-2
Let m be (-1)/(-2) - 26/4. Let s(n) be the third derivative of n**4/24 - 2*n**3/3 + 2*n**2 - 23*n. Give s(m).
-10
Suppose -5*j - 5*i = -59 + 4, 5*j = -i + 55. Let y = j + -8. Let o(f) = -2*f**3 + 2*f**2 + 8*f**y - 7*f**3 - 4*f**2 - 2. Determine o(-3).
7
Let f(l) = -4*l - 16. Let s be f(-5). Let p(c) = -s*c - c + 0 - 17 + 4*c. Determine p(-8).
-9
Let t(p) = 3 - 3*p**2 - 7934*p + 7928*p - p**3 + 11*p**2. Determine t(7).
10
Let y(x) be the first derivative of x**3/3 + 3*x**2/2 - x - 97. Give y(-7).
27
Let p be ((-2)/4)/(8/48). Let y = p - -5. Let l(s) = -3*s**y + 5 + 4*s**2 - 6 + s + 3*s. Give l(-5).
4
Let x(z) = -62*z + 170. Let p be x(3). Let s(y) = -y**3 - 15*y**2 + 16*y + 4. Give s(p).
4
Let a = 1412 + -1414. Let r(f) = 17*f + 4. Give r(a).
-30
Let p(a) = 2*a**2 + 7*a. Let o(c) = 3*c**2 + 7*c + 1. Let t(r) = -3*o(r) + 4*p(r). Suppose 6*j = 9*j. Suppose j = 7*k - 2*k - 4*y - 29, k + 5*y = 0. Give t(k).
7
Let b(f) be the first derivative of -10*f - 1/3*f**3 - 7/2*f**2 + 3. Give b(-7).
-10
Let p(q) = 34*q - 36*q + 1 + 186*q**2 - 185*q**2 + 32*q**3. Determine p(1).
32
Let x(b) = -15*b**3 - b - 2. Suppose -h = -4*j - 19, 4*h + 249*j - 245*j + 24 = 0. Give x(h).
14
Suppose r - 4*r = -3*p, 3*r + 4 = 4*p. Suppose p*v + 4 = -0*v. Let d(z) = -z**3 - z**2 + z + 1. Calculate d(v).
0
Suppose -b - 2 = -4, 0 = -4*g + 3*b - 6. Let s be g/((-2 - -5)/(-3)). Let k(m) = -2 + 0*m - 3*m + s*m - m**2 + 9. Calculate k(-5).
-3
Let i(d) = -2*d**3 + d. Suppose -437*x + 427*x - 10 = 0. Determine i(x).
1
Let r(q) = -q**3 + 5*q**2 - 4. Let p(u) = -5*u + 2. Let x(o) = 1. Let l(w) = w - 10. Let v be l(7). Let j(k) = v*x(k) + p(k). Let n be j(-1). What is r(n)?
12
Let m = -165 + 154. Let h(k) = k**3 + 12*k**2 + 11*k + 2. Give h(m).
2
Let i(d) be the second derivative of -d**6/120 - d**5/120 + 2*d**4/3 + 12*d. Let b(o) be the third derivative of i(o). Suppose 5*f - 2*f = 3. Determine b(f).
-7
Let n = 915 - 911. Let m(g) = -g**3 - 2 + 0 + 1 + 3*g**2 + 4*g. Give m(n).
-1
Suppose -3*x + 5 = -4. Suppose 2*k = 4*a - 30, 2*k - 5*k = -5*a + 38. Let i(r) = -5*r + 2*r**2 + 4 + a*r**2 - 1 - r**x - 4*r**2. Give i(3).
6
Suppose -2*f = -5*b + 19, 4*b = f + b + 12. Suppose -a + 2*o - 5 = 0, -f*o + 2*o + 10 = a. Let v(s) = -s**2 + 5*s - 2. Determine v(a).
-2
Suppose 3*v = 8*v - 10. Let o(r) = -v - 2 + r - 3 + 5. Calculate o(-8).
-10
Let o(r) = -77 + 6*r - 5*r + 78. Calculate o(7).
8
Let j(u) = u**2 - 6. Suppose -3*o + 46 = 7. Let t be 14/91 + (-2)/o. Calculate j(t).
-6
Let x be ((-37)/(-3))/(5/15). Suppose 0 = b - 3*j - 39, 2*b + j + x = 3*b. Let v(q) = -1 - b*q**2 + 5*q**2 + 13*q**2. What is v(1)?
-19
Let b(p) = -269*p - p**2 - 272*p - 268*p + 810*p. Determine b(0).
0
Let v(b) = -b**2 - 7*b - 5. Let h be v(-5). Suppose 4 + 6 = h*n - 4*r, 0 = -5*n + r + 10. Let g(f) = -4*f**2 + f - 2. Give g(n).
-16
Let m(v) = -v**2 + v + 4. Let d(j) be the second derivative of -j**4/12 - 3*j**3/2 + 25*j**2/2 - 10*j. Let o be d(-11). What is m(o)?
-2
Let h be 15/6 - (-1)/4*2. Let i(l) = -2*l**3 + 4*l**2 - 3*l - 4. Let u(j) = -j**3 + 5*j**2 - 3*j - 4. Let o(q) = h*u(q) - 2*i(q). Calculate o(-7).
17
Let a(y) = -2*y - 2. Suppose -51*w - 7 = -50*w. Calculate a(w).
12
Let f(p) = -p**2 + 3*p + 4. Suppose 148*t - 170*t = -176. What is f(t)?
-36
Let q(k) = k**2 - 2*k + 1. Suppose 1946 - 1916 = 6*x. Determine q(x).
16
Let b(l) = -l**2 - 4*l + 3. Let d = 39 + -12. Suppose 3*i - d = p + 2*p, -3*p = -6. Let f = 5 - i. Determine b(f).
-9
Let v(j) = -j + 10. Let r be v(5). Suppose -r*s + 6*s = -6. Let g(w) = -w. Give g(s).
6
Let p(m) = m**2 + 2*m - 20. Let b be p(4). Let k(z) = -z**3 + 3*z**2 + 5*z - 2. Give k(b).
2
Let n(j) be the third derivative of j**4/8 + 13*j**3/3 + 85*j**2. Give n(-10).
-4
Let o(r) = r - 6. Let i = -468 - -475. What is o(i)?
1
Suppose 45 = 14*g + g. Let c(p) = p**2 - p + 1. What is c(g)?
7
Let w(t) = -2 - 4*t + 1 + 5*t. Let s(c) = -c + 14. Let a(o) = -3*o + 41. Let v(m) = -6*a(m) + 17*s(m). Let k(y) = 2*v(y) - 6*w(y). Calculate k(-7).
18
Let p(g) = 2*g**2 + 2. Let q be 2*(15/(-2) + 2). Let z = -13 - q. Determine p(z).
10
Let b(c) be the first derivative of c**2 + 2*c - 246. Let q be 33/(-9) + (-2)/(-3). Give b(q).
-4
Let q(i) = 7*i - 32. Let k = -507 + 512. What is q(k)?
3
Let x(h) be the first derivative of h**2/2 - h - 28. Suppose -2*k + k - 9 = 0. Let z(j) = 4*j - 5. Let n(y) = k*x(y) + 2*z(y). Calculate n(4).
-5
Let s(m) be the first derivative of -m**5/20 + m**4/3 + m**3 - m**2/2 - 2*m - 4. Let p(l) be the first derivative of s(l). Give p(5).
4
Let p(i) = -i**3 + 11*i**2 - 18*i + 11. Let k be p(9). Suppose 2*g = 6, 3*o - k*g + 16*g = 18. Let h(j) = -3*j**2 + 2*j - 1. What is h(o)?
-2
Let s(z) = 4*z**2 - z**2 - 5*z**2 - 3*z. Let t = -20 + 13. Let j(r) = -2*r - 16. Let v be j(t). What is s(v)?
-2
Let l(u) = -u**3 + 6*u**2 + 7*u. Let c = -907 + 913. What is l(c)?
42
Let t(h) = 8*h - 1. Suppose 8*y = 4*y + 16. Suppose 0 = 3*w - 5*x - 23, -5 = -y*w + 5*x + 19. Suppose -i + w = -1. What is t(i)?
15
Let u(b) = b**2 - 7*b - 4. Let i(z) = -2*z**2 + 8*z + 5